) = -i**2 - 14*i - 6. Suppose -18 = 3*g + 24. Let z be s(g). What is k(z)?
4
Let t = 18 - 12. Let a(z) = -z**3 + 7*z**2 - 6*z + 6. Calculate a(t).
6
Let j(x) = 2*x**3 + 3*x**2 - 3*x + 3. Let b be j(2). Suppose -4*s - b = s. Let h(i) = i + 4. What is h(s)?
-1
Suppose -5*x = 2*t - 35 - 22, 34 = 3*x + t. Let b(q) = q**3 - 12*q**2 + 9*q + 14. Determine b(x).
-8
Let m(g) = 5*g - 1. Suppose -5 = -4*c + 3. Let b be (-5)/5 + c/(-2). Give m(b).
-11
Suppose 10*b + 0*b - 20 = 0. Let p(f) = -f**3 - 2*f**2 + f + 2. Calculate p(b).
-12
Let p(r) be the first derivative of r**3/3 + 3*r**2/2 + r - 2. Let o be 3/(6/(-4) + 0). Give p(o).
-1
Suppose -4*b - 6 = 18. Let t(u) = u**2 + 8*u + 2. Give t(b).
-10
Let f(n) be the first derivative of n + 1/3*n**3 - 1/4*n**4 - 2 - n**2. Give f(1).
-1
Suppose -1 + 2 = -x. Let q(o) = -32*o - 5. Let v(w) = -11*w - 2. Let t(y) = -3*q(y) + 8*v(y). What is t(x)?
-9
Let a be ((-8)/12)/(4/6). Let p = a - -4. Let w(z) = -z**2 + z - p*z + 2*z + 3 - 4*z. Determine w(-4).
3
Suppose -2*b = 4*t - 12, 6 = 4*t - 0*t - b. Let v(p) = -2*p + 4 - 1 - t. What is v(-1)?
3
Suppose -18 = -2*r - 20. Let g(p) = -4*p**2 - p. Give g(r).
-3
Let r(b) be the second derivative of -b**5/20 + b**4/4 - 2*b**2 - 3*b. Let l(a) = -a + 8. Let i be l(5). What is r(i)?
-4
Suppose 5*x - 2*x = 3. Let g(l) be the first derivative of 3*l**4/4 - l**3/3 + l**2/2 - 22. What is g(x)?
3
Let q be -4 + -1 + 1*2. Let i(a) be the third derivative of 0*a**4 - 2*a**2 + 0 + 0*a - 1/2*a**3 + 1/60*a**5. What is i(q)?
6
Let b(r) = -3*r**2 + 6*r + 3. Let u(w) = -4*w**2 + 7*w + 4. Let j(t) = 5*b(t) - 4*u(t). Give j(-3).
2
Let b = 33 - 34. Let n(g) = 6*g - 3. Let i(o) = 6*o - 4. Let v(l) = 4*i(l) - 5*n(l). Calculate v(b).
5
Let u(w) = w + 3. Let p be u(-6). Let z(i) = -i**2 - 6*i - 2. Give z(p).
7
Let u(o) = 22*o - 1. Let a be u(1). Suppose 4*m = a - 9. Let h(z) = z**2 - 3*z - 2. Determine h(m).
-2
Let l(n) = 5*n. Let x(o) = 12*o - 1. Let f be x(1). Let b(z) = 15*z. Let j(k) = f*l(k) - 4*b(k). Calculate j(1).
-5
Let x(f) = -f - 18*f**2 + 4 - 4. Suppose 2*h - 8 = -6*h. Calculate x(h).
-19
Let h(s) = -s**3 - 3*s**2 - s - 3. Let p(c) = c**2 - 4*c + 2. Let r be p(4). Let l be (-2)/(-6) - r/6. Suppose d - 2 = -l*m - m, 3*m - 15 = 0. Give h(d).
0
Suppose 5*x = -3*w, 5*x - 35 = 2*w + 2*w. Let l(y) = -y**3 - 5*y**2 + 7. Calculate l(w).
7
Let y(b) = -b**3 - 7*b**2 - 3*b - 3. Let o(p) = p**2 + p - 1. Let t(i) = -2*o(i) - y(i). Let r be (-7)/((-2)/(0 + -2)). Let q = r + 2. Determine t(q).
0
Let j(y) = y - 1. Let z(b) = b**2 - 2. Let x(m) = 3*j(m) - 2*z(m). Give x(3).
-8
Suppose 0 = -4*m + 5*h - 36, -4*h = 3*m + m. Let k(f) = -f - 3. What is k(m)?
1
Suppose -2*t - 3*t = -40. Let m(f) = f + f**2 + 4 + 1 - t*f. What is m(5)?
-5
Let s be 0 - 5/((-5)/3). Let o(d) = -s - d - 10 + 4 - 2*d**2 - 6*d. Let n(z) = z**2 + 4*z + 5. Let m(p) = 5*n(p) + 2*o(p). Calculate m(-5).
2
Let p(m) be the first derivative of -m**4/6 + 2*m**2 + 3. Let g(l) be the second derivative of p(l). Let q be ((-1)/2)/(1/(-4)). What is g(q)?
-8
Suppose a = -5*y + 7, -19 = -2*y + 3*a + 2*a. Let n(x) = 1 - 5*x**2 + 4*x**y - 1 + 5*x. Calculate n(5).
0
Let x(d) = d**2 + 4*d. Let b = -20 - -25. Suppose -h - 3*h = -b*v - 28, 0 = -2*v - 4*h. Determine x(v).
0
Let y(d) = -9 + 6*d + 6 - 5*d. Determine y(8).
5
Let j(n) be the first derivative of -1 + 1/3*n**3 + 3*n - 2*n**2. Calculate j(4).
3
Let h(t) = t**2 + 3*t - 3. Let n = 18 - 22. Determine h(n).
1
Let k(d) = -4*d. Suppose -4*u + 3*u - 3*z = 9, -4*u - 3*z = 0. Suppose -2*c - 5*x = -7, x - u = -2*x. Give k(c).
-4
Let r(k) be the first derivative of 2*k**3/3 - 2*k**2 + 3*k + 6. Calculate r(2).
3
Let s(m) = 2*m - 1. Let x(u) = 2*u. Let j(l) = 5*s(l) - 6*x(l). Let t(y) = 3*y + 4. Let p(z) = -4*j(z) - 5*t(z). Give p(1).
-7
Let n be (-8)/12 - (-14)/3. Let d(k) = 0 + 3 - k - n. Calculate d(5).
-6
Let c(n) be the third derivative of n**4/24 - n**3/3 - 7*n**2. Give c(-3).
-5
Let y(q) be the first derivative of q**4/4 - 7*q**3/3 + 3*q**2 - 5*q - 2. Let p be 3 - (2 - 2/1). Suppose -p*f = 2*f - 30. What is y(f)?
-5
Suppose 22 = -4*m + 34. Let d(b) = -m*b + 1 + 2*b - 1 + 2. Give d(5).
-3
Let c be ((-2)/6)/((-9)/81). Let r(v) = -1 + 5*v + 3*v**2 - v**c - 6*v**2 + 0. Calculate r(-4).
-5
Let k(g) = -2*g + 10. Suppose -4*l = m - 23, m = -3*l - 2 + 18. Determine k(l).
-4
Let n(y) = y + 1. Let s(t) = t**3 - 5*t**2 + t - 1. Let j be s(5). Suppose j*w = 2 + 6. Give n(w).
3
Let h(i) = -i - 1. Let a be h(-5). Suppose 8 = 8*z - a*z. Let l(v) = v. Calculate l(z).
2
Let y(b) = 0*b - 2*b**2 + 0*b**2 + b**3 - 5*b + 3. Calculate y(3).
-3
Suppose 0 = -2*m + 3*c - 5, -4 = 4*m - 5*c + 3. Let y(n) = n**3 - n**m + n + 8*n**2 - 1 - n**2 - 9*n**2. Give y(3).
2
Let l(j) be the second derivative of j**6/360 - j**5/120 - j**4/12 - j**3/3 - 3*j. Let z(h) be the second derivative of l(h). Determine z(2).
0
Let o be (-4)/18 - (-2)/9. Suppose 2*r - 1 + 3 = o. Let k(v) = -3*v**2 - v - 3*v**3 + 0*v**2 + 2*v**2. Determine k(r).
3
Let f = -80 + 80. Let a(g) = g**3 + 1. Calculate a(f).
1
Let f(d) = -3 - 18*d**2 + 4 + 2*d + 0*d + 4*d**2. Determine f(-1).
-15
Let a(d) = d**2 - d + 4. Let f(h) = -h + 17. Let o be f(17). Determine a(o).
4
Let f(w) = -10*w. Let d(u) = -70*u - 21. Let l(q) = -7*q - 2. Suppose -4 = -0*g + 2*g. Let t(v) = g*d(v) + 21*l(v). Let c(b) = 5*f(b) - 7*t(b). Calculate c(1).
-1
Let r(b) = 2*b + 2*b - 6 + 1 + b. Let h(d) = 8*d - 3. Let p(i) = 20*i - 8. Let q(t) = 12*h(t) - 5*p(t). Let o(m) = -3*q(m) - 2*r(m). Determine o(5).
8
Let w(b) = b + 3. Let y be w(2). Let l(f) = y*f + 1 - 2*f + 5*f**2 - 6*f**2. Give l(5).
-9
Let t(s) be the second derivative of 1/6*s**3 - 3/2*s**2 + 0 - 5*s. What is t(4)?
1
Let o be (-2)/(0 - (-2)/(-6)). Suppose -b - 10 = -o*b. Let r(v) = -6*v - v**b - 1 + 4 - 6. Give r(-5).
2
Suppose s - 6*s + 5 = -5*n, -2*s = -4*n. Let c(k) = k - 5. Let t be c(5). Let z(p) = 3 + p + n - 2*p + t. Determine z(3).
1
Suppose 0 = 4*c + 3*v - 28, 12 = -c + 3*v + v. Let q(j) = -2 - j + 3 + 3*j - c*j. Calculate q(5).
-9
Let j(y) be the first derivative of -y**2/2 + 7*y + 16. Let c = 10 + -3. Calculate j(c).
0
Let f be (-551)/2 + 9/(-18). Let j be (-8)/14 + f/(-42). Let k(l) = -l**3 + 5*l**2 + 6*l - 6. What is k(j)?
-6
Let f(t) = -5 - 95*t - t**2 + 0 + 4 + 98*t. Give f(4).
-5
Let n be 10/3 + (-9)/27. Let k(q) = q**3 - 4*q**2 - q + 4. Give k(n).
-8
Let q(y) = -7*y - 1. Suppose -5*u = -3*c + 13, 0 = -2*c + 6*c + 5*u + 6. Give q(c).
-8
Let i(z) = z**2 - z - 7. Let f(t) = t**3 - 7*t**2 + t - 2. Let u be f(7). Give i(u).
13
Let b(z) = -3*z - 1. Suppose 3*q + 2*q = 20. Suppose -2*u = -0 - q. Suppose -u*n = 3*a - 1 + 3, n - 2 = -3*a. Determine b(a).
-7
Let c be 0 - -1 - (2 + 0). Let k(u) be the second derivative of u**6/144 + u**4/4 - u. Let h(a) be the third derivative of k(a). Calculate h(c).
-5
Suppose 0*n + 2*n = -j - 6, n + j = -2. Let i(o) = -o + 1. Let s(h) = -h**3 - 3*h**2 + 5. Let r(d) = 3*i(d) - s(d). What is r(n)?
-6
Suppose -3*r = -16 + 1. Let p(c) be the first derivative of c**5/60 - c**4/4 + c**3/6 + 3*c**2 + 5. Let y(o) be the second derivative of p(o). Calculate y(r).
-4
Let k = -156 + 161. Let s(u) be the third derivative of 1/60*u**k + 1/24*u**4 + 0 + 0*u - 4*u**2 - 1/120*u**6 + 5/6*u**3. What is s(0)?
5
Suppose 3*l = -4*d + 13, -5*d + 19 = 3*l - 2*l. Let i(g) = g**2 - g - 4. Let b be i(3). Let v(p) = -d*p + b + p + p. Give v(4).
-6
Let p(z) be the third derivative of -z**5/30 - z**4/8 - z**3/6 - 2*z**2. Let b = 28 - 31. What is p(b)?
-10
Let p = -6 + 6. Suppose k + k = p. Let m(t) = -t**2 - t. Determine m(k).
0
Let c be 10*(-2 + 15/6). Suppose -c*p + 0*p = -15. Let n(i) = -i - 3. What is n(p)?
-6
Let z(h) = 3*h**2 + h + 1. Suppose 5*j - 2*j = 6. Let t be 10*(-2)/(-6 + j). Suppose 3 = 2*d - t*d. What is z(d)?
3
Let w(f) = f**3 - 7*f**2 + 6*f - 2. Let d be w(6). Let o(u) = u + 1. Let g(k) = 3*k + 4. Let b be (3 - 4) + (-2)/(-1). Let z(l) = b*g(l) - 5*o(l). Give z(d).
3
Let v = -108 + 112. Let f(m) = -m**3 + 5*m**2 - 6*m + 3. Give f(v).
-5
Let f(g) be the third derivative of g**5/60 - g**4/24 - g**3/3 - g**2. Let h(s) = -s**3 - 5*s**2 + 3. Let a be h(-5). What is f(a)?
4
Let w(a) = a - 1. Let j(x) = 1. Let i(n) = 6*n - 7. Let o(m) = i(m) - 4*j(m). Let f(h) = -o(h) + 5*w(h). What is f(0)?
6
Suppose -2*f = 